 = 20*p + 60 - 17 - 16*p. Let h be u(-10). Suppose -5*b - 885 = -2*l, -139 + 1475 = h*l + b. Is l a prime number?
False
Is (-2 - 10410/(-50))*835 a prime number?
False
Let m(q) = q**3 - 50*q**2 - 53*q + 102. Let g be m(51). Suppose -853*b + 842*b + 1096711 = g. Is b prime?
False
Suppose 3*t = 303928 + 91583. Is t composite?
False
Let x be (-74004)/(-180) + 2/(-15). Suppose x = w - 704. Is w a prime number?
False
Let d(r) = -3*r**3 - 56*r**2 + 20*r + 31. Let a be d(-19). Let z(j) = -j**2 + 10*j + 0*j + 9*j**2 - 19. Is z(a) composite?
True
Let c(x) = -1151*x + 112. Let p be c(-11). Let w = p - 6576. Is w prime?
True
Let f(o) = 164*o**2 + 9*o + 3. Let k(d) = -d**3 - 7*d**2 - 5*d + 4. Let x be k(-6). Let r be (-46)/10 + x/5. Is f(r) prime?
False
Suppose 0 = -4*q - 5*q. Suppose w - 80 = k + 977, q = 4*w + 3*k - 4242. Is w a composite number?
True
Let n(k) = 2*k**2 - 4*k + 3. Let u be n(0). Is (u - 6/3 - 0)*31 composite?
False
Let j be (2 - -15)/(6/(0 + -6)). Let o(b) = b**3 + 17*b**2 - 25*b + 2. Is o(j) composite?
True
Let q be 2/5 + 25542/(-55). Let r = 258 + -165. Let l = r - q. Is l prime?
True
Let l(k) = -k**3 + 13*k**2 + 30*k + 3. Let j be l(15). Let c(q) = -5*q - 1 + 9*q**j - 3*q + 3*q**2 + 3*q + 15*q**3. Is c(6) composite?
False
Is (9 - (-248)/(-24))/(104/(-12535302)) composite?
False
Suppose -89402161 + 29866571 - 105254238 = -596*j. Is j composite?
True
Let v be -2 - (-2 + (-3)/(-1)) - 1. Is 3*(-7526 - v)/(24/(-4)) a composite number?
False
Suppose 0 = -102*l + 105*l - 24. Suppose -18 = -4*x + 2*x + 3*q, 5*x - 22 = -4*q. Suppose 0 = l*j - x*j - 322. Is j a composite number?
True
Let a be ((-4)/(-3) + -2)/((-46)/207). Let g(m) = 159*m**3 - 4*m**2 + 10*m - 16. Is g(a) prime?
True
Let l be (0 - -44)/(2/13). Let n be (-2)/4 - (380/(-8) - -4). Let f = l + n. Is f a prime number?
False
Let d(f) = 850*f**2 - 44*f + 45. Is d(22) a composite number?
False
Let x = 797 - 638. Suppose x*i - 155*i - 191732 = 0. Is i prime?
True
Let h = -11461 + 16263. Let u = h + -2248. Is u prime?
False
Suppose 3*w + 81 = -k, -6*k = -2*k + 12. Is (1/(-6)*2)/(w/29562) prime?
True
Suppose -265*d + 15081627 = -106*d. Is d a prime number?
False
Suppose -4*g + 8*g + 6 = 2*h, 4*g = 3*h - 5. Is (4 + 37/g + 6)*-734 a composite number?
True
Let d(b) = -5390*b + 1059. Is d(-10) composite?
False
Let o = 21 + -13. Suppose o*k = 6*k + 10. Suppose 2*a = -5*f + 165, -k*f - 227 = -2*a - 52. Is a composite?
True
Suppose -103*o = -94*o + 54. Suppose -19 + 3 = 2*u. Is (u - o) + 5484/(-4)*-1 a prime number?
False
Suppose 4*r = 25*r + 4*r. Suppose 39*f - 32*f - 7819 = r. Is f a prime number?
True
Let b be ((-120)/6)/((-2)/(-11)). Is 4 + 317/((-2)/b*5) a prime number?
True
Let x(r) be the second derivative of -159*r**5/10 - r**4/6 - r**3/6 - 4*r. Suppose 3*j - u = 3*u - 23, -3*j + 3*u = 18. Is x(j) a composite number?
False
Let v(p) = 2*p**2 - 3*p - 14. Let o be v(6). Let t = o + -40. Is 13922/5 - t - (-3)/5 prime?
False
Let m(n) = 112*n**3 + 7*n**2 - 10*n + 11. Let b(j) = -114*j**3 - 8*j**2 + 10*j - 10. Let f(a) = 4*b(a) + 5*m(a). Is f(2) a composite number?
False
Let p(a) = -3*a + 21. Let i be p(8). Let n be (-36)/(-126) - i/(42/(-4)). Suppose n = o + 4*w - 113, 2*o + 4*w = 3*o - 105. Is o composite?
False
Let k = 103034 - -43239. Is k composite?
False
Let o(u) = 39*u**2 + 3*u - 6. Let r be o(7). Let l = -472 + r. Is l a prime number?
False
Let g(d) = -21*d + 64. Let r be g(3). Is 54 + -53 + 21466*r composite?
False
Suppose 524*n - 27573365 = -11*n. Is n prime?
True
Let o(d) be the third derivative of 8*d**5/15 - d**4/3 - 11*d**3/6 + 4*d**2 + 3*d. Is o(-6) prime?
False
Let m(n) = -n - 19. Let z be m(-23). Let j(r) = 3118*r - 105. Is j(z) prime?
False
Let j = 147 - 145. Suppose -j*s + 3461 = 3*n - 2*n, -2*n - 1743 = -s. Is s composite?
False
Suppose -56534 + 223366 = 16*g. Is g prime?
True
Suppose -3*f + 2*q = -6304, f + 2*q - q - 2093 = 0. Let r = f - 904. Let a = r - 487. Is a a composite number?
True
Let i(u) = -u**3 - 2*u**2 + 27*u + 110. Let d(t) = 5*t - 97. Let m be d(14). Is i(m) a composite number?
True
Let g(j) = j - 2*j**2 + 11*j - 55*j**3 - 6*j + 3 + 1. Let s be g(-3). Let c = -774 + s. Is c a composite number?
True
Let y(p) = 3762*p - 107. Let l be y(3). Let t = -5744 + l. Is t composite?
True
Let w(v) = -v**3 - 14*v**2 + 17*v + 17. Let m = 32 - 51. Is w(m) prime?
True
Is (-2722473)/(-6)*((-2 - (-176)/(-24)) + 10) a prime number?
False
Let i be (24/(-44))/(6/(-66)). Let c(f) = 49*f**3 + 4*f**2 - 4*f + 1. Is c(i) a prime number?
False
Let x = 18866 - 26673. Let i = x - -13101. Is i composite?
True
Suppose 583 - 154 = -3*z. Let s = -122 - z. Suppose -16390 = -31*p + s*p. Is p a prime number?
False
Let u = 94 - 90. Suppose u*n = 15 + 5, 4*n = -b + 10725. Is b composite?
True
Let j be 1 + -4 + 3 + 113. Suppose 5*z - j = 7. Is 15375/z + 3/8 a composite number?
False
Suppose 33 + 29 = 2*k. Let p = k + -28. Suppose 9*g - p*g - 738 = 0. Is g a composite number?
True
Let p = -62 - -19. Let a = p + 155. Suppose 0*q = s + q - a, 0 = 3*s + 2*q - 335. Is s composite?
True
Let b(s) = s**3 + 8*s**2 - 5*s - 8. Let i be 26/117 - (-16)/9. Let v be 3/((-6)/16) + i. Is b(v) prime?
False
Suppose -a + 2*g - 23 = 0, 0 = -4*a + 5*g - 4*g - 64. Let l be 4735/a*(-2 - -3)*-3. Suppose l + 388 = 5*f. Is f prime?
False
Suppose 0 = -3*n + 42 - 30. Suppose -36824 = -n*m - 3*i, 4*m + 8*i - 7*i - 36816 = 0. Is m a composite number?
False
Let k(t) = 3 + 193*t**2 - 1 - 2*t - 1. Is k(2) a composite number?
False
Suppose a - 768 = 2*m, 2*m = 5*a + 3*m - 3873. Let z = 1451 - a. Is z a prime number?
True
Let d(k) be the first derivative of -k**3/3 + 9*k**2/2 + 4*k - 12. Let o be d(9). Suppose o*v - 113 = 363. Is v composite?
True
Suppose -6*h + 17 = 5. Suppose 0*z = h*z - 3454. Is z a composite number?
True
Suppose -k + 4*d + 6019 = 0, 4*k - 29561 = -5*d - 5548. Is k prime?
True
Let t(c) = -7*c**2 - 3*c + 2. Let s be t(1). Let k = -26 - s. Is 37956/k*(-12)/8 prime?
True
Let l be 14/(-119) + -9*(-485)/255. Let j(g) = g**3 - 8*g**2 - 18*g - 37. Is j(l) a composite number?
True
Let j(c) = 75*c**2 + 6*c + 4. Let b be j(11). Let s = 24189 - b. Is (-1*s/6)/((-26)/39) a composite number?
False
Let u = -12067 - -4795. Let f = -4493 - u. Is f composite?
True
Let x(u) = -u**3 - 19*u**2 - 32*u + 38. Let m be x(-17). Suppose 5834 = 2*p - m*t, 4*p - 9810 - 1918 = -4*t. Is p a prime number?
True
Let g(x) = -236*x**3 + 4*x**2 - 5*x + 34. Let a be g(8). Is a/(-28) - (-2)/4 prime?
False
Suppose 3*l - 7*l = -5*u + 1777, 1773 = -4*l + u. Let v = 191 + l. Is 25/(-10)*(v/15 - -2) a prime number?
True
Suppose -b = 24 - 21. Let l be (-6)/(5 + (b - 0)). Is -587*(4 + -1)/l prime?
True
Let y be (-27434689)/(-190) - (-1)/(-10). Suppose 18*r - y = 141465. Is r prime?
True
Suppose -85*c = -20*c + 284590 - 968975. Is c a composite number?
False
Let l = 92 - 29. Let u be (3 - 6) + 0 + l. Suppose 3*s + c - 68 = 0, 3*s - u = -5*c + 4. Is s prime?
True
Let i(a) = a**3 + a**2 - 1. Let n(m) = 11*m**3 + 11*m**2 + 7*m + 7. Let o(k) = -6*i(k) + n(k). Suppose 4*v - 6 = 18. Is o(v) a prime number?
False
Suppose q = -4*q + 3*q. Suppose 0 = -0*g - g + 2*k + 5265, -5*g + 5*k + 26335 = q. Is g a composite number?
True
Suppose -1548442 = -28*n + 22722. Is n a composite number?
False
Let v = 18543 + -26269. Let g = -2499 - v. Is g a composite number?
False
Let c(z) = -z**3 + 36*z**2 + 193*z - 3. Let g be c(-6). Suppose -127 = 5*u + 3*t, 3*t - 105 = 4*u + 2*t. Let i = g - u. Is i a composite number?
True
Suppose 5*p - 2094 = -3*a - 0*a, -5*p + 2070 = -5*a. Suppose -p = -5*v - 0*q + 4*q, -10 = -5*q. Suppose 3*g - v - 152 = 0. Is g composite?
False
Let a = 5052342 - 2793929. Is a composite?
True
Let p(l) = -43831*l - 1561. Is p(-32) a composite number?
False
Suppose 16189*n - 29591088 = 16141*n. Is n composite?
False
Suppose 235*z - 18 = 233*z. Is z/63 + 338400/56 composite?
False
Suppose 2*u - v + 29 = 10, -3*u - v = 16. Let t be (60/35)/6 - (-667)/u. Let b = t - -217. Is b composite?
True
Let a = 454 - 1632. Let p = -181 - a. Is p composite?
False
Suppose 4*f = -4*n - 36, 5*n = n + 4*f - 36. Is -5 - 126/n - -5530 a prime number?
False
Let b(t) be the first derivative of t**6/360 - t**5/15 - t**4/4 - 10*t**3/3 - 16. Let d(f) be the third derivative of b(f). I